80/15 - 7).
2, 20627
Suppose -3*v - o + 930 = -17544, 0 = -4*v + o + 24646. List the prime factors of v.
2, 5, 7, 11
Let z be (-6)/33 + 1359/33. Let y = 47 - z. List the prime factors of ((-34)/y + 4)*-39.
5, 13
Let i = 166039 + -94698. List the prime factors of i.
71341
Let s be (6/(-8))/((-9)/36) + -2. Suppose 3*m - s = -1. Suppose m = 7*q - 717 + 199. What are the prime factors of q?
2, 37
Suppose 4 = h + 2. Suppose -2 = -h*u - 4*a, -7*a + 2*a = 3*u - 4. Suppose -3*r - 4*i = -137, -u*r - 5*i = -0*r - 139. List the prime factors of r.
43
Suppose -1650 = -3*a + 3*r, -1106 = -15*a + 13*a + 4*r. List the prime factors of a.
547
Let i(r) = r**2 + 213*r + 132. What are the prime factors of i(32)?
2, 1993
Let h be (216/60)/((-3)/(-5)). Suppose h*o = -29*o + 6125. List the prime factors of o.
5, 7
Suppose 155 = 3*t - 4*r, -5*t + 4*t = 4*r - 57. Let v be -2 + -1 - (-17 + t). Let x = v - -144. What are the prime factors of x?
3, 5, 7
Let h = 29 - 29. Suppose h = 5*r + 46 - 386. Let x = 117 - r. What are the prime factors of x?
7
Suppose -68 = -7*d + 3*d. Let q(u) = -u**2 + 22*u - 6. Let n be q(d). Suppose c = 2*c - n. What are the prime factors of c?
79
Let o(f) = f**3 - 4. Let y be o(-4). Suppose 13 = t + 3. What are the prime factors of (y/(-10))/(4/t)?
17
Let s be 6 + -4 + (-12)/2. Let g be (12/9)/(s/(-6)) - -3. What are the prime factors of 1/1*-2 + g?
3
Let w(c) = 63*c**2 - 314*c + 8671. List the prime factors of w(27).
2, 5, 1153
Suppose o = -12*d + 7*d + 20, o = -5. Suppose r + 4 = 1, -d*b = 4*r - 3698. What are the prime factors of b?
2, 7, 53
Let q be 28 + (-2 - 1) - 1. Let z be (q/40)/((-2)/(-70)). Let u = 8 + z. List the prime factors of u.
29
Let l(d) = d**3 - 31*d**2 + 11*d + 74. Let c = -192 - -223. List the prime factors of l(c).
5, 83
Suppose -3*d + 411 = -2*d - r, 5*d = -5*r + 2095. Let u = -2 - -7. What are the prime factors of d/(u - 0) - -1?
2, 3, 7
Suppose -35134 = -2*b + 45*h - 47*h, -b + 3*h = -17587. What are the prime factors of b?
2, 23, 191
Suppose 59 - 203 = -72*b. Let f be (-2)/(-3) - (-7)/3. Suppose -5*o = -4*h + 184, -3*h + 230 = b*h + f*o. List the prime factors of h.
2, 23
Let d(y) = 3*y**2 - 13*y - 40*y + 49 - 39. List the prime factors of d(22).
2, 37
Suppose 18 = 3*v, -31*v + 29*v + 25524 = 4*q. What are the prime factors of q?
2, 3, 1063
List the prime factors of (-23 - 396675/(-9)) + -27.
3, 5, 587
Let q be 1/4 - 1166/(-8). Let g be 2/(-75)*30*(-130)/(-4). List the prime factors of (g/(-26))/(2/q).
73
Let q be 5 + (-95)/((-35)/7). What are the prime factors of ((645/4)/(-5))/((-1)/q)?
2, 3, 43
Let i(r) = -r**3 - 15*r**2 - 33*r - 61. Let j be i(-11). Let v = j - -1385. What are the prime factors of v?
3, 401
Let n(k) = 3*k**3 - 20*k**2 - 378*k - 188. List the prime factors of n(31).
7, 53, 157
Suppose -u - 5*k - 17 = 0, 9 - 40 = -5*u + 4*k. Let j = 970 + -830. Suppose 37 = u*s - j. What are the prime factors of s?
59
Let g(a) be the second derivative of -2*a**3/3 + 13*a**2/2 + 52*a. What are the prime factors of g(-12)?
61
Let x(k) = -k**3 + 6*k**2 - 2*k + 9. Let i be x(4). Let l = -163 + i. Let n = -68 - l. List the prime factors of n.
2, 31
Let o = -14969 - -37607. What are the prime factors of o?
2, 3, 7, 11
Let v(c) = 3*c**3 - 4*c**2 - 3*c + 3. Let h be v(4). Let o = 114 - h. What are the prime factors of (o + 4)*-4*(-21)/(-2)?
2, 3, 7
Suppose -737*v - 3476 = -733*v. Let k = 1330 + v. List the prime factors of k.
461
List the prime factors of (-3)/4*148/(-333)*16449.
5483
Suppose -3*n + 9 = -c, 0 = c - 0*n + n - 11. Let y(d) = -16197*d + 16209*d + 7 + 4 - 2 - 2. What are the prime factors of y(c)?
79
Suppose 77*o - 1658634 = -57*o - 425566. What are the prime factors of o?
2, 43, 107
Let f(g) be the second derivative of 71*g**4/12 + g**3/2 - 7*g**2/2 + 7*g. List the prime factors of f(-4).
1117
Let b(n) = -2*n**3 - 220*n**2 - 96*n + 348. What are the prime factors of b(-111)?
2, 3, 13, 457
Let n be 3*(32/(-12))/(-4). List the prime factors of 257 - (-1)/n*-2.
2
Let t(x) = -266*x - 2306. What are the prime factors of t(-71)?
2, 5, 829
Suppose -5*x = 2*k - 26, 5*k + 4*x = -0*k + 48. Suppose -k*d + 371 = -1533. List the prime factors of d.
2, 7, 17
Let t = -80 - -88. Suppose 651 = t*u - 9077. List the prime factors of u.
2, 19
Suppose 2*z - 2*b - 18 = 0, -17 = 10*z - 11*z - 3*b. What are the prime factors of z/((-99)/18) + 453?
11, 41
Suppose -r + 84 = 13*r. Suppose 3*q - r = 0, l - q - 374 = -6*q. List the prime factors of l.
2, 7, 13
Suppose 6*a - 5 = 13. Suppose d = -a*v + 31, 2*v + 1 + 0 = -5*d. List the prime factors of v.
2, 3
Let a = -39041 + 55920. What are the prime factors of a?
16879
Suppose -a + 7106 = -12*a. Let m = -310 - a. List the prime factors of m.
2, 3, 7
Suppose -11*s - 21255 = -26*s. Suppose 0 = d + 5*t - 328, -7*d = -3*d - t - s. List the prime factors of d.
353
Let b(u) = -u**3 + 48*u**2 + 12*u - 134. List the prime factors of b(-18).
2, 13, 809
Suppose -5*a = -3*i - 2*a + 63, i + 3*a = 41. Suppose 0 = -5*f - 20, 22*k = i*k - 4*f - 1372. List the prime factors of k.
3, 113
Let t(q) = q**3 - 2*q**2 - 16*q + 3. Let c be t(5). List the prime factors of -11756*c/88 + 2/(-11).
3, 89
Let t = 13935 + -9118. List the prime factors of t.
4817
Suppose -29*r - 9*r = -726256. List the prime factors of r.
2, 2389
Let y(s) be the first derivative of 2*s**2 - 49*s - 20. List the prime factors of y(16).
3, 5
Suppose 249 = i + 2*h, i = 2*i - 5*h - 284. Suppose -80 = -q + i. What are the prime factors of q?
3, 113
Let y(r) = 63*r + 237. Let c be y(10). Suppose -15*p + 13137 = c. List the prime factors of p.
2, 409
Suppose 0 = 17*l - 6*l + 5885. Let n = -272 - l. Suppose 4*k - n = -71. What are the prime factors of k?
2, 3
Let n(y) = -y**3 - 8*y**2 - 11*y - 6. Let k be n(-7). List the prime factors of (13840/50)/(k/5 - 4).
2, 173
Suppose -48054 - 19535 = -18*r + 81991. List the prime factors of r.
2, 3, 5, 277
Let q be (-212)/(-5 - -3 - -3). Let a(d) = d**3 - 10*d**2 + 10*d + 22. Let h be a(7). Let u = h - q. List the prime factors of u.
157
Let d = 86287 - 47998. List the prime factors of d.
3, 12763
What are the prime factors of 29877 + (-93825)/13761 + 1 + 13/(-11)?
2, 5, 29, 103
Let h = -44 + 44. Suppose b - 3*a = -h*b - 55, -5*b = -5*a + 315. Let v = -28 - b. What are the prime factors of v?
3, 13
Let g(q) = q**2 + 6*q - 2. Let f be g(-6). List the prime factors of f/(-3) - (-2730)/9.
2, 19
Let j(u) = u**3 - 20*u**2 - 3*u - 227. List the prime factors of j(29).
5, 1451
Suppose -2*r - 14 = -2*b + 4*b, 2*r + 26 = -5*b. List the prime factors of (586/4*-1)/(2/b).
293
Suppose 3*z - 3*j + 7*j + 11 = 0, z + 2 = -j. Let s = 18903 - 18901. Suppose -4*l + 266 = s*u, -5*u - 2*l + 676 = -z*l. List the prime factors of u.
3, 5
Suppose 0 = -57*o + 52*o - 325. Let u = o - -249. List the prime factors of u.
2, 23
Let b(y) = -9*y + 3*y + 14 + y**2 - 2*y**3 + 3*y**3 - 5*y. What are the prime factors of b(6)?
2, 5
Suppose -2*q = -103 + 99. Suppose 6*d - 3*d = -5*u + 337, -3*u = 5*d - 535. Suppose 2*g = -q*a + 360, -g + 5*a + 52 = -d. What are the prime factors of g?
2, 11
Suppose 0 = -a - 3*f + 6 - 0, 4*f = 5*a - 11. Suppose -a*v - 28 = 4*q, -2*q - q + v = 8. What are the prime factors of q + 2 + (5 - -8)?
11
Let s(o) = o - 5. Let j be s(14). Let p be 330/j + (-4)/6. Let x = p + -29. List the prime factors of x.
7
Let d(h) = 11587*h**2 - 248*h + 486. What are the prime factors of d(2)?
2, 3, 7723
Let j = -80 - -116. Let u be (40/(-6))/((-147)/j - -4). Suppose -4*c = -8, -2*c - u = -4*p + 3*p. What are the prime factors of p?
2, 3, 7
Let k(p) be the third derivative of -p**5/60 + 19*p**4/24 - 5*p**3/6 - p**2. Suppose 1 - 15 = -w. List the prime factors of k(w).
5, 13
Suppose -50*v + 49*v + 5*m = -2534, -m = -5*v + 12742. What are the prime factors of v?
2549
Let m(q) = 427*q - 10315. List the prime factors of m(40).
3, 5, 11, 41
Suppose w - 5*v + 37 = 0, -3*v + 48 = -4*w - 8*v. Let c(x) = 3*x**2 + 32*x + 15. What are the prime factors of c(w)?
2, 13
Let j = -4710 - -6514. List the prime factors of j.
2, 11, 41
Let l(j) = 8*j - 7. Let c be l(2). Suppose 0 = 4*p - c*p - 255. Let d = p + 56. What are the prime factors of d?
5
Suppose 5*d = -5*d - 1070. Let h = 234 + d. List the prime factors of h.
127
Let m = -2035 + 29